{"id":2,"date":"2019-02-15T14:59:21","date_gmt":"2019-02-15T13:59:21","guid":{"rendered":"https:\/\/fliesen-linzmaier.de\/?page_id=2"},"modified":"2019-03-21T16:22:30","modified_gmt":"2019-03-21T15:22:30","slug":"beispiel-seite","status":"publish","type":"page","link":"https:\/\/fliesen-linzmaier.de\/","title":{"rendered":"Startseite"},"content":{"rendered":"<p>[et_pb_section fb_built=&#8220;1&#8243; make_fullwidth=&#8220;on&#8220; use_custom_gutter=&#8220;on&#8220; gutter_width=&#8220;2&#8243; specialty=&#8220;on&#8220; _builder_version=&#8220;3.19.17&#8243; custom_padding=&#8220;0|0px|0|0px|false|false&#8220;][et_pb_column type=&#8220;1_2&#8243; specialty_columns=&#8220;2&#8243; _builder_version=&#8220;3.0.47&#8243;][et_pb_row_inner custom_padding=&#8220;46px|0px|43.4844px|0px|false|false&#8220; use_custom_gutter=&#8220;on&#8220; gutter_width=&#8220;1&#8243; _builder_version=&#8220;3.19.17&#8243;][et_pb_column_inner type=&#8220;1_3&#8243; saved_specialty_column_type=&#8220;1_2&#8243; _builder_version=&#8220;3.0.47&#8243;][et_pb_blurb title=&#8220;Fliesen&#8220; use_icon=&#8220;on&#8220; font_icon=&#8220;%%57%%&#8220; icon_color=&#8220;#b9ca21&#8243; _builder_version=&#8220;3.19.17&#8243; header_level=&#8220;h1&#8243; header_font=&#8220;||||||||&#8220; header_text_color=&#8220;#666666&#8243; border_width_all=&#8220;1px&#8220; border_color_all=&#8220;#b9ca21&#8243; border_style_all=&#8220;dashed&#8220; box_shadow_style=&#8220;preset2&#8243; text_orientation=&#8220;center&#8220; custom_padding=&#8220;44px|22px|44px|22px&#8220;]<\/p>\n<p>Als langj\u00e4hriger <strong>Meisterbetrieb<\/strong> <strong>seit 1975<\/strong> bieten wir unseren Kunden alles aus dem Bereich Fliesenlegetechiken, moderne Fliesen und B\u00f6den.\u00a0<\/p>\n<p>Vertrauen Sie uns, wir beraten Sie gerne und unverbindlich!<\/p>\n<p>[\/et_pb_blurb][\/et_pb_column_inner][et_pb_column_inner type=&#8220;1_3&#8243; saved_specialty_column_type=&#8220;1_2&#8243; _builder_version=&#8220;3.0.47&#8243;][et_pb_blurb title=&#8220;Natursteine&#8220; use_icon=&#8220;on&#8220; font_icon=&#8220;%%57%%&#8220; icon_color=&#8220;#b9ca21&#8243; _builder_version=&#8220;3.19.17&#8243; header_level=&#8220;h1&#8243; header_font=&#8220;||||||||&#8220; header_text_color=&#8220;#666666&#8243; border_width_all=&#8220;1px&#8220; border_color_all=&#8220;#b9ca21&#8243; border_style_all=&#8220;dashed&#8220; box_shadow_style=&#8220;preset2&#8243; text_orientation=&#8220;center&#8220; custom_padding=&#8220;44px|22px|44px|22px&#8220;]<\/p>\n<p>Als langj\u00e4hriger <strong>Meisterbetrieb<\/strong> <strong>seit 1975<\/strong> bieten wir unseren Kunden alles aus dem Bereich Fliesenlegetechiken, moderne Fliesen und B\u00f6den.<\/p>\n<p>Vertrauen Sie uns, wir beraten Sie gerne und unverbindlich!<\/p>\n<p>[\/et_pb_blurb][\/et_pb_column_inner][et_pb_column_inner type=&#8220;1_3&#8243; saved_specialty_column_type=&#8220;1_2&#8243; _builder_version=&#8220;3.0.47&#8243;][et_pb_blurb title=&#8220;Kachel\u00f6fen&#8220; use_icon=&#8220;on&#8220; font_icon=&#8220;%%57%%&#8220; icon_color=&#8220;#b9ca21&#8243; _builder_version=&#8220;3.19.17&#8243; header_level=&#8220;h1&#8243; header_font=&#8220;||||||||&#8220; header_text_color=&#8220;#666666&#8243; border_width_all=&#8220;1px&#8220; border_color_all=&#8220;#b9ca21&#8243; border_style_all=&#8220;dashed&#8220; box_shadow_style=&#8220;preset2&#8243; text_orientation=&#8220;center&#8220; custom_padding=&#8220;44px|22px|44px|22px&#8220;]<\/p>\n<p>Als langj\u00e4hriger <strong>Meisterbetrieb<\/strong> <strong>seit 1975<\/strong> bieten wir unseren Kunden alles aus dem Bereich Fliesenlegetechiken, moderne Fliesen und B\u00f6den.\u00a0<\/p>\n<p>Vertrauen Sie uns, wir beraten Sie gerne und unverbindlich!<\/p>\n<p>[\/et_pb_blurb][\/et_pb_column_inner][\/et_pb_row_inner][\/et_pb_column][et_pb_column type=&#8220;1_2&#8243; _builder_version=&#8220;3.0.47&#8243;][et_pb_slider _builder_version=&#8220;3.19.18&#8243; header_font=&#8220;||||||||&#8220; body_font=&#8220;||||||||&#8220; animation_style=&#8220;fade&#8220; auto=&#8220;on&#8220;][et_pb_slide heading=&#8220;Fliesen Meisterbetrieb&#8220; use_bg_overlay=&#8220;off&#8220; use_text_overlay=&#8220;on&#8220; text_overlay_color=&#8220;rgba(185,202,33,0.61)&#8220; text_border_radius=&#8220;23px&#8220; _builder_version=&#8220;3.19.18&#8243; header_level=&#8220;h2&#8243; header_font=&#8220;|600|||||||&#8220; header_text_color=&#8220;#2d2d2d&#8220; body_font=&#8220;||||||||&#8220; body_font_size=&#8220;24px&#8220; background_color=&#8220;#b9ca21&#8243; background_image=&#8220;https:\/\/fliesen-linzmaier.de\/wp-content\/uploads\/2019\/03\/AMB-01_Soft-Brown_ingresso_HR.jpg&#8220;]<\/p>\n<p>seit 1975<\/p>\n<p>[\/et_pb_slide][et_pb_slide heading=&#8220;Natursteine&#8220; use_bg_overlay=&#8220;off&#8220; use_text_overlay=&#8220;on&#8220; text_overlay_color=&#8220;rgba(185,202,33,0.61)&#8220; text_border_radius=&#8220;23px&#8220; _builder_version=&#8220;3.19.18&#8243; header_level=&#8220;h2&#8243; header_font=&#8220;|600|||||||&#8220; header_text_color=&#8220;#2d2d2d&#8220; body_font=&#8220;||||||||&#8220; body_font_size=&#8220;24px&#8220; background_color=&#8220;#b9ca21&#8243; background_image=&#8220;https:\/\/fliesen-linzmaier.de\/wp-content\/uploads\/2019\/03\/AMB-03_Living_Ivory_Dove_HR.jpg&#8220;]<\/p>\n<p>f\u00fcr Innen- und Au\u00dfenbereiche<\/p>\n<p>[\/et_pb_slide][et_pb_slide heading=&#8220;Kachel\u00f6fen&#8220; use_bg_overlay=&#8220;off&#8220; use_text_overlay=&#8220;on&#8220; text_overlay_color=&#8220;rgba(185,202,33,0.61)&#8220; text_border_radius=&#8220;23px&#8220; _builder_version=&#8220;3.19.18&#8243; header_level=&#8220;h2&#8243; header_font=&#8220;|600|||||||&#8220; header_text_color=&#8220;#2d2d2d&#8220; body_font=&#8220;||||||||&#8220; body_font_size=&#8220;24px&#8220; background_color=&#8220;#b9ca21&#8243; background_image=&#8220;https:\/\/fliesen-linzmaier.de\/wp-content\/uploads\/2019\/03\/pg_cs_night_amb2_part2.jpg&#8220;]<\/p>\n<p>modern und zeitlos<\/p>\n<p>[\/et_pb_slide][\/et_pb_slider][et_pb_slider _builder_version=&#8220;3.19.18&#8243; header_font=&#8220;||||||||&#8220; box_shadow_style=&#8220;preset2&#8243; link_option_url=&#8220;\/kontakt&#8220;][et_pb_slide heading=&#8220;Auf eine Nachricht freuen wir uns!&#8220; button_text=&#8220;Zum Kontaktformular&#8220; button_link=&#8220;\/kontakt&#8220; _builder_version=&#8220;3.19.18&#8243; header_font=&#8220;|700|||||||&#8220; header_text_color=&#8220;#b9ca21&#8243; header_font_size=&#8220;31px&#8220; background_color=&#8220;#2d2d2d&#8220; custom_button=&#8220;on&#8220; button_letter_spacing=&#8220;2px&#8220; button_font=&#8220;|600|||||||&#8220; custom_padding=&#8220;33px||33px&#8220;][\/et_pb_slide][\/et_pb_slider][\/et_pb_column][\/et_pb_section][et_pb_section fb_built=&#8220;1&#8243; _builder_version=&#8220;3.19.18&#8243; custom_padding=&#8220;0|0px|0|0px|false|false&#8220;][et_pb_row _builder_version=&#8220;3.19.18&#8243;][et_pb_column type=&#8220;4_4&#8243; _builder_version=&#8220;3.19.18&#8243;][et_pb_divider color=&#8220;#2d2d2d&#8220; divider_style=&#8220;dashed&#8220; divider_weight=&#8220;3px&#8220; _builder_version=&#8220;3.19.18&#8243;][\/et_pb_divider][\/et_pb_column][\/et_pb_row][\/et_pb_section][et_pb_section fb_built=&#8220;1&#8243; _builder_version=&#8220;3.19.18&#8243; custom_padding=&#8220;0|0px|54px|0px|false|false&#8220;][et_pb_row use_custom_width=&#8220;on&#8220; custom_width_px=&#8220;1411px&#8220; use_custom_gutter=&#8220;on&#8220; gutter_width=&#8220;2&#8243; make_equal=&#8220;on&#8220; module_class_2=&#8220;vertikal-zentrieren&#8220; _builder_version=&#8220;3.19.18&#8243;][et_pb_column type=&#8220;1_2&#8243; _builder_version=&#8220;3.19.18&#8243;][et_pb_image src=&#8220;https:\/\/fliesen-linzmaier.de\/wp-content\/uploads\/2019\/03\/pg_rs_imperial-brown_noble-beige_set.jpg&#8220; _builder_version=&#8220;3.19.18&#8243;][\/et_pb_image][\/et_pb_column][et_pb_column type=&#8220;1_2&#8243; _builder_version=&#8220;3.19.18&#8243;][et_pb_text _builder_version=&#8220;3.19.18&#8243; header_font=&#8220;|700||on|||||&#8220; header_text_color=&#8220;#b9ca21&#8243; header_font_size=&#8220;24px&#8220;]<\/p>\n<h1 style=\"text-align: center;\">Herzlich Willkommen bei Fliesen Linzmaier.<\/h1>\n<p style=\"text-align: center;\">Als <strong>Handwerksmeisterbetrieb<\/strong> stehen wir f\u00fcr Zuverl\u00e4ssigkeit, Qualit\u00e4t und Kompetenz.<\/p>\n<p style=\"text-align: center;\">Wir beraten Sie individuell, planen kompetent und verwirklichen Ihre W\u00fcnsche.<\/p>\n<p style=\"text-align: center;\">Handwerkliches K\u00f6nnen und umfangreiche Erfahrungen im Fliesenlegerhandwerk, motivierte Fachkr\u00e4fte und Flexibilit\u00e4t kennzeichnen unser Unternehmen.<\/p>\n<p style=\"text-align: center;\">Zu unseren Leistungen geh\u00f6ren Fliesen- und Natursteinarbeiten, von Renovierungsarbeiten bis Neubauten, Balkonen, Terrassen und Schwimmb\u00e4der. Ihren Traum vom Kachelofen verwirklichen wir ganz individuell nach Ihren W\u00fcnschen.<\/p>\n<p style=\"text-align: center;\">Besuchen Sie uns in unseren Austellungsr\u00e4umen.<\/p>\n<p style=\"text-align: center;\">Wir hoffen, Sie von unseren Leistungen \u00fcberzeugen zu k\u00f6nnen und w\u00fcrden uns freuen, Sie bald als einen unserer h\u00f6chst zufriedenen Kunden begr\u00fc\u00dfen zu d\u00fcrfen<\/p>\n<p style=\"text-align: center;\">Ihre Firma Marco Linzmaier<\/p>\n<p>[\/et_pb_text][\/et_pb_column][\/et_pb_row][\/et_pb_section]<\/p>\n","protected":false},"excerpt":{"rendered":"<p>Als langj\u00e4hriger Meisterbetrieb seit 1975 bieten wir unseren Kunden alles aus dem Bereich Fliesenlegetechiken, moderne Fliesen und B\u00f6den.\u00a0 Vertrauen Sie uns, wir beraten Sie gerne und unverbindlich!Als langj\u00e4hriger Meisterbetrieb seit 1975 bieten wir unseren Kunden alles aus dem Bereich Fliesenlegetechiken, moderne Fliesen und B\u00f6den. Vertrauen Sie uns, wir beraten Sie gerne und unverbindlich!Als langj\u00e4hriger Meisterbetrieb [&hellip;]<\/p>\n","protected":false},"author":1,"featured_media":0,"parent":0,"menu_order":0,"comment_status":"closed","ping_status":"open","template":"","meta":{"_et_pb_use_builder":"on","_et_pb_old_content":"","_et_gb_content_width":"","footnotes":""},"class_list":["post-2","page","type-page","status-publish","hentry"],"_links":{"self":[{"href":"https:\/\/fliesen-linzmaier.de\/index.php?rest_route=\/wp\/v2\/pages\/2","targetHints":{"allow":["GET"]}}],"collection":[{"href":"https:\/\/fliesen-linzmaier.de\/index.php?rest_route=\/wp\/v2\/pages"}],"about":[{"href":"https:\/\/fliesen-linzmaier.de\/index.php?rest_route=\/wp\/v2\/types\/page"}],"author":[{"embeddable":true,"href":"https:\/\/fliesen-linzmaier.de\/index.php?rest_route=\/wp\/v2\/users\/1"}],"replies":[{"embeddable":true,"href":"https:\/\/fliesen-linzmaier.de\/index.php?rest_route=%2Fwp%2Fv2%2Fcomments&post=2"}],"version-history":[{"count":35,"href":"https:\/\/fliesen-linzmaier.de\/index.php?rest_route=\/wp\/v2\/pages\/2\/revisions"}],"predecessor-version":[{"id":385,"href":"https:\/\/fliesen-linzmaier.de\/index.php?rest_route=\/wp\/v2\/pages\/2\/revisions\/385"}],"wp:attachment":[{"href":"https:\/\/fliesen-linzmaier.de\/index.php?rest_route=%2Fwp%2Fv2%2Fmedia&parent=2"}],"curies":[{"name":"wp","href":"https:\/\/api.w.org\/{rel}","templated":true}]}}